
INSERT INTO MUSICISTI (Codice,Nome,Cognome,datanascita,Sesso) VALUES ('CM12340','Angela','Hewitt','30/03/1955','F');
INSERT INTO MUSICISTI (Codice,Nome,Cognome,datanascita,Sesso) VALUES ('CM12341','Cecilia','Chaily','15/12/1971','F');
INSERT INTO MUSICISTI (Codice,Nome,Cognome,datanascita,Sesso) VALUES ('CM12342','Billie','Holiday','07/04/1915','F');
INSERT INTO MUSICISTI (Codice,Nome,Cognome,datanascita,Sesso) VALUES ('CM12343','Chet','Baker','23/12/1929','M');
INSERT INTO MUSICISTI (Codice,Nome,Cognome,datanascita,Sesso) VALUES ('CM12344','Pat','Metheny','12/08/1954','M');
INSERT INTO MUSICISTI (Codice,Nome,Cognome,datanascita,Sesso) VALUES ('CM12345','Keith','Richards','18/12/1943','M');
INSERT INTO MUSICISTI (Codice,Nome,Cognome,datanascita,Sesso) VALUES ('CM12346','Mike','Oldfield','20/11/1949','M');
INSERT INTO MUSICISTI (Codice,Nome,Cognome,datanascita,Sesso) VALUES ('CM12347','Janis','Joplin','19/01/1943','F');
INSERT INTO MUSICISTI (Codice,Nome,Cognome,datanascita,Sesso) VALUES ('CM12348','John','Coltrane','20/08/1926','M');
INSERT INTO MUSICISTI (Codice,Nome,Cognome,datanascita,Sesso) VALUES ('CM12349','Miles','Davis','26/05/1926','M');
INSERT INTO MUSICISTI (Codice,Nome,Cognome,datanascita,Sesso) VALUES ('CM12350','Willie','Dixon','07/04/1904','M');
INSERT INTO MUSICISTI (Codice,Nome,Cognome,datanascita,Sesso) VALUES ('CM12351','Eddie','Lang','07/04/1904','M');

INSERT INTO STRUMENTI (Nome,Categoria) VALUES ('Chitarra','A Corde');
INSERT INTO STRUMENTI (Nome,Categoria) VALUES ('Pianoforte','A Corde');
INSERT INTO STRUMENTI (Nome,Categoria) VALUES ('Arpa','A Corde');
INSERT INTO STRUMENTI (Nome,Categoria) VALUES ('Sax Tenore','Ottoni');
INSERT INTO STRUMENTI (Nome,Categoria) VALUES ('Tromba','Ottoni');
INSERT INTO STRUMENTI (Nome,Categoria) VALUES ('Batteria','Ritmica');
INSERT INTO STRUMENTI (Nome,Categoria) VALUES ('Basso','Ritmica');
INSERT INTO STRUMENTI (Nome,Categoria) VALUES ('Percussioni','Ritmica');

INSERT INTO ABILITA (Musicista,Strumento) VALUES ('CM12340','Pianoforte');
INSERT INTO ABILITA (Musicista,Strumento) VALUES ('CM12341','Arpa');
INSERT INTO ABILITA (Musicista,Strumento) VALUES ('CM12343','Tromba');
INSERT INTO ABILITA (Musicista,Strumento) VALUES ('CM12344','Chitarra');
INSERT INTO ABILITA (Musicista,Strumento) VALUES ('CM12345','Chitarra');
INSERT INTO ABILITA (Musicista,Strumento) VALUES ('CM12346','Pianoforte');
INSERT INTO ABILITA (Musicista,Strumento) VALUES ('CM12346','Chitarra');
INSERT INTO ABILITA (Musicista,Strumento) VALUES ('CM12346','Batteria');
INSERT INTO ABILITA (Musicista,Strumento) VALUES ('CM12346','Basso');
INSERT INTO ABILITA (Musicista,Strumento) VALUES ('CM12346','Percussioni');
INSERT INTO ABILITA (Musicista,Strumento) VALUES ('CM12346','Tromba');
INSERT INTO ABILITA (Musicista,Strumento) VALUES ('CM12347','Chitarra');
INSERT INTO ABILITA (Musicista,Strumento) VALUES ('CM12348','Sax Tenore');
INSERT INTO ABILITA (Musicista,Strumento) VALUES ('CM12349','Tromba');
INSERT INTO ABILITA (Musicista,Strumento) VALUES ('CM12350','Chitarra');
INSERT INTO ABILITA (Musicista,Strumento) VALUES ('CM12346','Sax Tenore');
commit;

